{"id":316,"date":"2023-10-17T16:24:57","date_gmt":"2023-10-17T14:24:57","guid":{"rendered":"https:\/\/laurentmoriceau.com\/?page_id=316"},"modified":"2024-10-10T11:13:57","modified_gmt":"2024-10-10T09:13:57","slug":"schlomo","status":"publish","type":"page","link":"https:\/\/laurentmoriceau.com\/?page_id=316","title":{"rendered":"SCHLOMO"},"content":{"rendered":"<p class=\"has-black-color has-text-color has-medium-font-size\">Mon 2 \u00e8me ! <\/p><div class=\"wp-block-image\"><figure class=\"alignleft size-large is-resized\"><img loading=\"lazy\" decoding=\"async\" width=\"1024\" height=\"944\" src=\"https:\/\/laurentmoriceau.com\/wp-content\/uploads\/2023\/10\/Couv-Schlomo-1-1024x944.png\" alt=\"\" class=\"wp-image-318\" style=\"aspect-ratio:1.0847457627118644;width:435px;height:auto\" srcset=\"https:\/\/laurentmoriceau.com\/wp-content\/uploads\/2023\/10\/Couv-Schlomo-1-1024x944.png 1024w, https:\/\/laurentmoriceau.com\/wp-content\/uploads\/2023\/10\/Couv-Schlomo-1-1200x1106.png 1200w, https:\/\/laurentmoriceau.com\/wp-content\/uploads\/2023\/10\/Couv-Schlomo-1-300x277.png 300w, https:\/\/laurentmoriceau.com\/wp-content\/uploads\/2023\/10\/Couv-Schlomo-1-768x708.png 768w, https:\/\/laurentmoriceau.com\/wp-content\/uploads\/2023\/10\/Couv-Schlomo-1-1320x1217.png 1320w, https:\/\/laurentmoriceau.com\/wp-content\/uploads\/2023\/10\/Couv-Schlomo-1-126x116.png 126w, https:\/\/laurentmoriceau.com\/wp-content\/uploads\/2023\/10\/Couv-Schlomo-1.png 1500w\" sizes=\"auto, (max-width: 1024px) 100vw, 1024px\" \/><\/figure><\/div><div class=\"wp-block-columns is-layout-flex wp-container-core-columns-is-layout-9d6595d7 wp-block-columns-is-layout-flex\"><div class=\"wp-block-column is-layout-flow wp-block-column-is-layout-flow\" style=\"flex-basis:100%\"><p class=\"has-text-align-left has-black-color has-cyan-bluish-gray-background-color has-text-color has-background has-small-font-size\"><strong>R\u00c9SUM\u00c9<\/strong> : <br>Sobibor : 12 mai 1942. Schlomo est d\u00e9barqu\u00e9 manu militari, avec 2 000 de ses compatriotes juifs, du wagon \u00e0 bestiaux dans lequel ils sont entass\u00e9s, lui et sa famille, depuis des jours. <br>Sao Paulo : 1978. Gunter Mendel commence \u00e0 vivre un enfer : enl\u00e8vement de ses filles, \u00e9gorgement de son chien avec, chaque fois, des inscriptions manuscrites incompr\u00e9hensibles sur les murs ; des meurtres et des agressions se multiplient autour de lui. <br>L\u2019int\u00e8gre capitaine Julia Mota et son adjoint Ventura sont charg\u00e9s de cette d\u00e9licate enqu\u00eate br\u00e9silienne. Ils vont finalement d\u00e9couvrir l\u2019effrayante corr\u00e9lation entre ces 2 \u00e9poques.<br><br>\u00c0 l\u2019instar de son premier roman La Grange, l\u2019auteur nous livre l\u2019histoire vraie d\u2019un chaos historique ignor\u00e9. Il nous entra\u00eene dans les entrailles oppressantes du camp de Sobibor et dans une enqu\u00eate br\u00e9silienne, certes romanc\u00e9e par manque d\u2019informations retrouv\u00e9es, mais avec un final aussi ahurissant qu\u2019impr\u00e9vu, qui va nous faire r\u00e9fl\u00e9chir : l\u2019important est de ne jamais d\u00e9sesp\u00e9rer. <br><\/p><\/div><\/div><p class=\"has-black-color has-cyan-bluish-gray-background-color has-text-color has-background\"><em>Extrait : \u00ab\u00a0Ce 29 ao\u00fbt 1943 semblait id\u00e9al pour poser le premi\u00e8re pierre de l&rsquo;\u00e9difice d\u00e9mesur\u00e9 dans lequel s&rsquo;\u00e9taient engouffr\u00e9s Schlomo et ses compatriotes. C&rsquo;\u00e9taient les fondations d&rsquo;un ouvrage colossal, d&rsquo;une entreprise kamikaze qui permettrait peut-\u00eatre \u00e0 600 prisonniers de tenter de se b\u00e2tir une vie meilleure. Mais ces premiers travaux devaient commencer par un crime.<\/em>\u00ab\u00a0<\/p><p><\/p><p class=\"has-black-color has-very-light-gray-to-cyan-bluish-gray-gradient-background has-text-color has-background has-link-color wp-elements-1a3bcc7fd443fee807cfaf572eaa0abd\">Les lecture de Ness (Instagram) Lecture n\u00b0113 \ud83d\udcda<\/p><p class=\"has-black-color has-very-light-gray-to-cyan-bluish-gray-gradient-background has-text-color has-background has-link-color wp-elements-dce0ddadc15e92f4980cd76b00c6068f\">Sobibor : 12 mai 1942. Schlomo est d\u00e9barqu\u00e9 manu militari, avec 2 000 de ses compatriotes juifs, du wagon \u00e0 bestiaux dans lequel ils sont entass\u00e9s, lui et sa famille, depuis des jours.<br>Sao Paulo : 1978. Gunter Mendel commence \u00e0 vivre un enfer : enl\u00e8vement de ses filles, \u00e9gorgement de son chien avec, chaque fois, des inscriptions manuscrites incompr\u00e9hensibles sur les murs ; des meurtres et des agressions se multiplient autour de lui.<br>L\u2019int\u00e8gre capitaine Julia Mota et son adjoint Ventura sont charg\u00e9s de cette d\u00e9licate enqu\u00eate br\u00e9silienne. Ils vont finalement d\u00e9couvrir l\u2019effrayante corr\u00e9lation entre ces 2 \u00e9poques.<\/p><p class=\"has-black-color has-very-light-gray-to-cyan-bluish-gray-gradient-background has-text-color has-background has-link-color wp-elements-81ce32b9066226a001738a74b97ad73e\">\u2705 Date de sortie 18\/10\/2023.<\/p><p class=\"has-black-color has-very-light-gray-to-cyan-bluish-gray-gradient-background has-text-color has-background has-link-color wp-elements-252b79f19e7ef03f70545eede5d2a29f\">\u2b50\u2b50\u2b50\u2b50\u2b50\/5 Tout d&rsquo;abord, un grand merci \u00e0&nbsp;<a href=\"https:\/\/www.instagram.com\/laurent.moriceau.auteur\/\">@laurent.moriceau.auteur<\/a>&nbsp;pour ce service presse. Moi qui suis f\u00e9rue de romans historiques et policiers, j&rsquo;ai \u00e9t\u00e9 combl\u00e9e puisque ce livre r\u00e9uni les deux ! L&rsquo;\u00e9criture est sans fioriture et plus naturelle que dans la plupart des livres. Les chapitres sont courts et fluides, avec une alternance entre l&rsquo;\u00e9poque du camp de Sobibor et Sao Paulo en 1978. L&rsquo;histoire qui entoure Schlomo et ses camarades cod\u00e9tenus est romanc\u00e9e mais bas\u00e9e sur des faits r\u00e9els, l&rsquo;auteur a derri\u00e8re lui un travail de 3 ans avant de nous offrir son ouvrage. L&rsquo;ensemble est poignant, horrible mais criant d&rsquo;espoir, j&rsquo;ai beaucoup aim\u00e9 ce point de vue du camp de Sobibor. Le r\u00e9cit concernant les personnages de Sao Paulo en 1978 est tout aussi bien. J&rsquo;ai aim\u00e9 Julia Mota et son coll\u00e8gue Ventura, que dis-je, je les ai ador\u00e9 ! Leur enqu\u00eate nous permet petit \u00e0 petit de faire le lien entre le pass\u00e9 et le pr\u00e9sent, au programme, de l&rsquo;action, des armes et du rythme en veux-tu en voil\u00e0 ! Le point que j&rsquo;ai \u00e9galement beaucoup appr\u00e9ci\u00e9, c&rsquo;est la pr\u00e9sence d&rsquo;un chapitre \u00ab\u00a0que sont-ils devenus\u00a0\u00bb, j&rsquo;aime beaucoup \u00e7a lorsque je lis des histoires tir\u00e9es de faits r\u00e9els. Je n&rsquo;en dis pas plus et je vous laisse d\u00e9couvrir par vous m\u00eame l&rsquo;excellent nouveau roman de&nbsp;<a href=\"https:\/\/www.instagram.com\/laurent.moriceau.auteur\/\">@laurent.moriceau.auteur<\/a><\/p><h2 class=\"wp-block-heading\"><\/h2><h1 class=\"wp-block-heading has-black-color has-very-light-gray-to-cyan-bluish-gray-gradient-background has-text-color has-background has-link-color has-medium-font-size wp-elements-3030db7efe432292a7a68842d0403cc7\">Les lecture de Yo (instagram)<\/h1><h1 class=\"wp-block-heading has-black-color has-very-light-gray-to-cyan-bluish-gray-gradient-background has-text-color has-background has-link-color wp-elements-8910f188b45820d98f9eb07c34e38137\" style=\"font-size:17px;font-style:normal;font-weight:300;text-transform:none\">Schlomo de&nbsp;<a href=\"https:\/\/www.instagram.com\/laurent.moriceau.auteur\/\">@laurent.moriceau.auteur<\/a><br><br>D\u035c\u0361e\u035c\u0361 q\u035c\u0361u\u035c\u0361o\u035c\u0361i\u035c\u0361 \u00e7\u035c\u0361a\u035c\u0361 p\u035c\u0361a\u035c\u0361r\u035c\u0361l\u035c\u0361e\u035c\u0361 ?\u035c<br><br>Sobibor, mai 1942. Schlomo est d\u00e9barqu\u00e9 avec ses compatriotes juifs du wagon \u00e0 bestiaux dans lequel ils sont entass\u00e9s, lui et sa famille, depuis des jours&#8230;<br>Sao Paulo, 1978. Gunter Mendel commence \u00e0 vivre un enfer, enl\u00e8vement de ses filles, \u00e9gorgement de son chien et chaque fois des inscriptions incompr\u00e9hensibles sur les murs&#8230; L&rsquo;int\u00e8gre capitaine Julia Mota et son adjoint sont charg\u00e9s de l&rsquo;enqu\u00eate&#8230;<br><br>Quel roman !!! V\u00e9ritable coup de coeur, ce livre est poignant du d\u00e9but \u00e0 la fin.<br><br>Schlomo, tout d&rsquo;abord, jeune gar\u00e7on d&rsquo;\u00e0 peine 15 ans confront\u00e9 \u00e0 l&rsquo;horreur des camps. Sobibor est un camp d&rsquo;extermination massive des juifs mais il est aussi connu pour un \u00e9pisode majeur qui s&rsquo;y est d\u00e9roul\u00e9. Le r\u00e9cit en est d&rsquo;autant plus angoissant, car la tension dans le roman augmente au fur et \u00e0 mesure que les \u00e9v\u00e9nements s&rsquo;encha\u00eenent. Remarquable et criant de v\u00e9rit\u00e9 ! La cruaut\u00e9 sans nom des nazis n&rsquo;\u00e9chappe \u00e0 personne, on ne peut d&rsquo;ailleurs la nommer.<br><br>Mendel, ensuite, dont on se demande pourquoi le sort s&rsquo;acharne ainsi sur sa famille. Que cache-t-il ? Et la capitaine Julia Mota, forte et fragile \u00e0 la fois, dont on d\u00e9couvre petit \u00e0 petit les f\u00ealures intimes. Avec son adjoint, ils forment une \u00e9quipe solide et tenace. J&rsquo;ai ador\u00e9 ce duo !<br><br>Les chapitres sont courts et l&rsquo;on navigue sans probl\u00e8me d&rsquo;une p\u00e9riode \u00e0 l&rsquo;autre. C&rsquo;est pour moi un atout. Un petit cliffhanger \u00e0 chaque fin de chapitre fait que l&rsquo;on d\u00e9vore le roman ! J&rsquo;adore, la mont\u00e9e d&rsquo;adr\u00e9naline est l\u00e0 \u00e0 chaque fois!<br><br>L&rsquo;ambiance du roman , on s&rsquo;en doute vu le sujet, est terrible mais n\u00e9cessaire. Les faits relat\u00e9s sont tir\u00e9s d&rsquo;une histoire vraie ce qui rend le r\u00e9cit profond, poignant et \u00e9mouvant.<br>J&rsquo;ai appr\u00e9ci\u00e9 la fin du roman, je l&rsquo;esp\u00e9rais ainsi.<br>Il y a d&rsquo;ailleurs une partie \u00ab\u00a0que sont-ils devenus\u00a0\u00bb, indispensable et instructive.<br>L&rsquo;auteur a pass\u00e9 de nombreuses ann\u00e9es \u00e0 faire des recherches, cela se voit, rien n&rsquo;est laiss\u00e9 au hasard.<br>Je le remercie pour les \u00e9changes que nous avons eus et pour l&rsquo;envoi de son roman. Le livre est formidable et c&rsquo;est un bel hommage rendu \u00e0 Schlomo et ses compatriotes juifs. A lire absolument !!<\/h1>","protected":false},"excerpt":{"rendered":"<p>Mon 2 \u00e8me ! R\u00c9SUM\u00c9 : Sobibor : 12 mai 1942. Schlomo est d\u00e9barqu\u00e9 manu militari, avec 2 000 de ses compatriotes juifs, du wagon \u00e0 bestiaux dans lequel ils sont entass\u00e9s, lui et sa famille, depuis des jours. Sao Paulo : 1978. Gunter Mendel commence \u00e0 vivre un enfer <a class=\"read-more\" href=\"https:\/\/laurentmoriceau.com\/?page_id=316\">Read More<\/a><\/p>\n","protected":false},"author":1,"featured_media":0,"parent":0,"menu_order":3,"comment_status":"closed","ping_status":"closed","template":"","meta":{"om_disable_all_campaigns":false,"_monsterinsights_skip_tracking":false,"_monsterinsights_sitenote_active":false,"_monsterinsights_sitenote_note":"","_monsterinsights_sitenote_category":0,"spay_email":"","footnotes":""},"class_list":["post-316","page","type-page","status-publish","hentry"],"_links":{"self":[{"href":"https:\/\/laurentmoriceau.com\/index.php?rest_route=\/wp\/v2\/pages\/316","targetHints":{"allow":["GET"]}}],"collection":[{"href":"https:\/\/laurentmoriceau.com\/index.php?rest_route=\/wp\/v2\/pages"}],"about":[{"href":"https:\/\/laurentmoriceau.com\/index.php?rest_route=\/wp\/v2\/types\/page"}],"author":[{"embeddable":true,"href":"https:\/\/laurentmoriceau.com\/index.php?rest_route=\/wp\/v2\/users\/1"}],"replies":[{"embeddable":true,"href":"https:\/\/laurentmoriceau.com\/index.php?rest_route=%2Fwp%2Fv2%2Fcomments&post=316"}],"version-history":[{"count":23,"href":"https:\/\/laurentmoriceau.com\/index.php?rest_route=\/wp\/v2\/pages\/316\/revisions"}],"predecessor-version":[{"id":514,"href":"https:\/\/laurentmoriceau.com\/index.php?rest_route=\/wp\/v2\/pages\/316\/revisions\/514"}],"wp:attachment":[{"href":"https:\/\/laurentmoriceau.com\/index.php?rest_route=%2Fwp%2Fv2%2Fmedia&parent=316"}],"curies":[{"name":"wp","href":"https:\/\/api.w.org\/{rel}","templated":true}]}}

<p class="has-black-color has-text-color has-medium-font-size">Mon 2 ème ! </p><div class="wp-block-image"><figure class="alignleft size-large is-resized"><img loading="lazy" decoding="async" width="1024" height="944" src="https://laurentmoriceau.com/wp-content/uploads/2023/10/Couv-Schlomo-1-1024x944.png" alt="" class="wp-image-318" style="aspect-ratio:1.0847457627118644;width:435px;height:auto" srcset="https://laurentmoriceau.com/wp-content/uploads/2023/10/Couv-Schlomo-1-1024x944.png 1024w, https://laurentmoriceau.com/wp-content/uploads/2023/10/Couv-Schlomo-1-1200x1106.png 1200w, https://laurentmoriceau.com/wp-content/uploads/2023/10/Couv-Schlomo-1-300x277.png 300w, https://laurentmoriceau.com/wp-content/uploads/2023/10/Couv-Schlomo-1-768x708.png 768w, https://laurentmoriceau.com/wp-content/uploads/2023/10/Couv-Schlomo-1-1320x1217.png 1320w, https://laurentmoriceau.com/wp-content/uploads/2023/10/Couv-Schlomo-1-126x116.png 126w, https://laurentmoriceau.com/wp-content/uploads/2023/10/Couv-Schlomo-1.png 1500w" sizes="auto, (max-width: 1024px) 100vw, 1024px" /></figure></div><div class="wp-block-columns is-layout-flex wp-container-core-columns-is-layout-9d6595d7 wp-block-columns-is-layout-flex"><div class="wp-block-column is-layout-flow wp-block-column-is-layout-flow" style="flex-basis:100%"><p class="has-text-align-left has-black-color has-cyan-bluish-gray-background-color has-text-color has-background has-small-font-size"><strong>RÉSUMÉ</strong> : <br>Sobibor : 12 mai 1942. Schlomo est débarqué manu militari, avec 2 000 de ses compatriotes juifs, du wagon à bestiaux dans lequel ils sont entassés, lui et sa famille, depuis des jours. <br>Sao Paulo : 1978. Gunter Mendel commence à vivre un enfer : enlèvement de ses filles, égorgement de son chien avec, chaque fois, des inscriptions manuscrites incompréhensibles sur les murs ; des meurtres et des agressions se multiplient autour de lui. <br>L’intègre capitaine Julia Mota et son adjoint Ventura sont chargés de cette délicate enquête brésilienne. Ils vont finalement découvrir l’effrayante corrélation entre ces 2 époques.<br><br>À l’instar de son premier roman La Grange, l’auteur nous livre l’histoire vraie d’un chaos historique ignoré. Il nous entraîne dans les entrailles oppressantes du camp de Sobibor et dans une enquête brésilienne, certes romancée par manque d’informations retrouvées, mais avec un final aussi ahurissant qu’imprévu, qui va nous faire réfléchir : l’important est de ne jamais désespérer. <br></p></div></div><p class="has-black-color has-cyan-bluish-gray-background-color has-text-color has-background"><em>Extrait : « Ce 29 août 1943 semblait idéal pour poser le première pierre de l&rsquo;édifice démesuré dans lequel s&rsquo;étaient engouffrés Schlomo et ses compatriotes. C&rsquo;étaient les fondations d&rsquo;un ouvrage colossal, d&rsquo;une entreprise kamikaze qui permettrait peut-être à 600 prisonniers de tenter de se bâtir une vie meilleure. Mais ces premiers travaux devaient commencer par un crime.</em>« </p><p></p><p class="has-black-color has-very-light-gray-to-cyan-bluish-gray-gradient-background has-text-color has-background has-link-color wp-elements-1a3bcc7fd443fee807cfaf572eaa0abd">Les lecture de Ness (Instagram) Lecture n°113 📚</p><p class="has-black-color has-very-light-gray-to-cyan-bluish-gray-gradient-background has-text-color has-background has-link-color wp-elements-dce0ddadc15e92f4980cd76b00c6068f">Sobibor : 12 mai 1942. Schlomo est débarqué manu militari, avec 2 000 de ses compatriotes juifs, du wagon à bestiaux dans lequel ils sont entassés, lui et sa famille, depuis des jours.<br>Sao Paulo : 1978. Gunter Mendel commence à vivre un enfer : enlèvement de ses filles, égorgement de son chien avec, chaque fois, des inscriptions manuscrites incompréhensibles sur les murs ; des meurtres et des agressions se multiplient autour de lui.<br>L’intègre capitaine Julia Mota et son adjoint Ventura sont chargés de cette délicate enquête brésilienne. Ils vont finalement découvrir l’effrayante corrélation entre ces 2 époques.</p><p class="has-black-color has-very-light-gray-to-cyan-bluish-gray-gradient-background has-text-color has-background has-link-color wp-elements-81ce32b9066226a001738a74b97ad73e">✅ Date de sortie 18/10/2023.</p><p class="has-black-color has-very-light-gray-to-cyan-bluish-gray-gradient-background has-text-color has-background has-link-color wp-elements-252b79f19e7ef03f70545eede5d2a29f">⭐⭐⭐⭐⭐/5 Tout d&rsquo;abord, un grand merci à&nbsp;<a href="https://www.instagram.com/laurent.moriceau.auteur/">@laurent.moriceau.auteur</a>&nbsp;pour ce service presse. Moi qui suis férue de romans historiques et policiers, j&rsquo;ai été comblée puisque ce livre réuni les deux ! L&rsquo;écriture est sans fioriture et plus naturelle que dans la plupart des livres. Les chapitres sont courts et fluides, avec une alternance entre l&rsquo;époque du camp de Sobibor et Sao Paulo en 1978. L&rsquo;histoire qui entoure Schlomo et ses camarades codétenus est romancée mais basée sur des faits réels, l&rsquo;auteur a derrière lui un travail de 3 ans avant de nous offrir son ouvrage. L&rsquo;ensemble est poignant, horrible mais criant d&rsquo;espoir, j&rsquo;ai beaucoup aimé ce point de vue du camp de Sobibor. Le récit concernant les personnages de Sao Paulo en 1978 est tout aussi bien. J&rsquo;ai aimé Julia Mota et son collègue Ventura, que dis-je, je les ai adoré ! Leur enquête nous permet petit à petit de faire le lien entre le passé et le présent, au programme, de l&rsquo;action, des armes et du rythme en veux-tu en voilà ! Le point que j&rsquo;ai également beaucoup apprécié, c&rsquo;est la présence d&rsquo;un chapitre « que sont-ils devenus », j&rsquo;aime beaucoup ça lorsque je lis des histoires tirées de faits réels. Je n&rsquo;en dis pas plus et je vous laisse découvrir par vous même l&rsquo;excellent nouveau roman de&nbsp;<a href="https://www.instagram.com/laurent.moriceau.auteur/">@laurent.moriceau.auteur</a></p><h2 class="wp-block-heading"></h2><h1 class="wp-block-heading has-black-color has-very-light-gray-to-cyan-bluish-gray-gradient-background has-text-color has-background has-link-color has-medium-font-size wp-elements-3030db7efe432292a7a68842d0403cc7">Les lecture de Yo (instagram)</h1><h1 class="wp-block-heading has-black-color has-very-light-gray-to-cyan-bluish-gray-gradient-background has-text-color has-background has-link-color wp-elements-8910f188b45820d98f9eb07c34e38137" style="font-size:17px;font-style:normal;font-weight:300;text-transform:none">Schlomo de&nbsp;<a href="https://www.instagram.com/laurent.moriceau.auteur/">@laurent.moriceau.auteur</a><br><br>D͜͡e͜͡ q͜͡u͜͡o͜͡i͜͡ ç͜͡a͜͡ p͜͡a͜͡r͜͡l͜͡e͜͡ ?͜<br><br>Sobibor, mai 1942. Schlomo est débarqué avec ses compatriotes juifs du wagon à bestiaux dans lequel ils sont entassés, lui et sa famille, depuis des jours&#8230;<br>Sao Paulo, 1978. Gunter Mendel commence à vivre un enfer, enlèvement de ses filles, égorgement de son chien et chaque fois des inscriptions incompréhensibles sur les murs&#8230; L&rsquo;intègre capitaine Julia Mota et son adjoint sont chargés de l&rsquo;enquête&#8230;<br><br>Quel roman !!! Véritable coup de coeur, ce livre est poignant du début à la fin.<br><br>Schlomo, tout d&rsquo;abord, jeune garçon d&rsquo;à peine 15 ans confronté à l&rsquo;horreur des camps. Sobibor est un camp d&rsquo;extermination massive des juifs mais il est aussi connu pour un épisode majeur qui s&rsquo;y est déroulé. Le récit en est d&rsquo;autant plus angoissant, car la tension dans le roman augmente au fur et à mesure que les événements s&rsquo;enchaînent. Remarquable et criant de vérité ! La cruauté sans nom des nazis n&rsquo;échappe à personne, on ne peut d&rsquo;ailleurs la nommer.<br><br>Mendel, ensuite, dont on se demande pourquoi le sort s&rsquo;acharne ainsi sur sa famille. Que cache-t-il ? Et la capitaine Julia Mota, forte et fragile à la fois, dont on découvre petit à petit les fêlures intimes. Avec son adjoint, ils forment une équipe solide et tenace. J&rsquo;ai adoré ce duo !<br><br>Les chapitres sont courts et l&rsquo;on navigue sans problème d&rsquo;une période à l&rsquo;autre. C&rsquo;est pour moi un atout. Un petit cliffhanger à chaque fin de chapitre fait que l&rsquo;on dévore le roman ! J&rsquo;adore, la montée d&rsquo;adrénaline est là à chaque fois!<br><br>L&rsquo;ambiance du roman , on s&rsquo;en doute vu le sujet, est terrible mais nécessaire. Les faits relatés sont tirés d&rsquo;une histoire vraie ce qui rend le récit profond, poignant et émouvant.<br>J&rsquo;ai apprécié la fin du roman, je l&rsquo;espérais ainsi.<br>Il y a d&rsquo;ailleurs une partie « que sont-ils devenus », indispensable et instructive.<br>L&rsquo;auteur a passé de nombreuses années à faire des recherches, cela se voit, rien n&rsquo;est laissé au hasard.<br>Je le remercie pour les échanges que nous avons eus et pour l&rsquo;envoi de son roman. Le livre est formidable et c&rsquo;est un bel hommage rendu à Schlomo et ses compatriotes juifs. A lire absolument !!</h1>

<p>Mon 2 ème ! RÉSUMÉ : Sobibor : 12 mai 1942. Schlomo est débarqué manu militari, avec 2 000 de ses compatriotes juifs, du wagon à bestiaux dans lequel ils sont entassés, lui et sa famille, depuis des jours. Sao Paulo : 1978. Gunter Mendel commence à vivre un enfer <a class="read-more" href="https://laurentmoriceau.com/?page_id=316">Read More</a></p>
