{"id":34,"date":"2022-01-03T10:31:04","date_gmt":"2022-01-03T09:31:04","guid":{"rendered":"https:\/\/laurentmoriceau.com\/?page_id=34"},"modified":"2025-11-12T10:55:51","modified_gmt":"2025-11-12T09:55:51","slug":"musique","status":"publish","type":"page","link":"https:\/\/laurentmoriceau.com\/?page_id=34","title":{"rendered":"MUSIQUE"},"content":{"rendered":"<div class=\"wp-block-media-text alignwide is-stacked-on-mobile\" style=\"grid-template-columns:35% auto\"><figure class=\"wp-block-media-text__media\"><img loading=\"lazy\" decoding=\"async\" width=\"638\" height=\"960\" src=\"https:\/\/laurentmoriceau.com\/wp-content\/uploads\/2022\/01\/IMG_0539-1.jpg\" alt=\"\" class=\"wp-image-161 size-full\" srcset=\"https:\/\/laurentmoriceau.com\/wp-content\/uploads\/2022\/01\/IMG_0539-1.jpg 638w, https:\/\/laurentmoriceau.com\/wp-content\/uploads\/2022\/01\/IMG_0539-1-199x300.jpg 199w, https:\/\/laurentmoriceau.com\/wp-content\/uploads\/2022\/01\/IMG_0539-1-600x903.jpg 600w, https:\/\/laurentmoriceau.com\/wp-content\/uploads\/2022\/01\/IMG_0539-1-77x116.jpg 77w\" sizes=\"auto, (max-width: 638px) 100vw, 638px\" \/><\/figure><div class=\"wp-block-media-text__content\"><p class=\"has-black-color has-text-color has-medium-font-size\"><strong>Auteur \/ Compositeur \/ Interpr\u00e8te<\/strong> <\/p><\/div><\/div><p class=\"has-black-color has-text-color\">Parall\u00e8lement au groupe \u00ab\u00a0M\u00e9trophone\u00a0\u00bb, je travaille actuellement sur un projet d&rsquo;album solo en collaboration avec Jo\u00ebl JEANBOLO, bassiste et propri\u00e9taire du <a href=\"https:\/\/www.stud33.fr\/%C3%A1-propos\/\" title=\"https:\/\/www.stud33.fr\/%C3%A1-propos\/\">Stud&rsquo;33<\/a> \u00e0 Port de Bouc ainsi qu&rsquo;avec <a href=\"https:\/\/sylvain-dicte.fr\/\" title=\"https:\/\/sylvain-dicte.fr\/\">Sylvain Dicte<\/a>, Romancier et po\u00e8te Tourangeau.<\/p><p class=\"has-black-color has-text-color\">Cet album sera acoustique et intimiste.<\/p><h2 class=\"wp-block-heading\">A \u00e9couter&#8230;<\/h2><iframe loading=\"lazy\" title=\"J&#039;suis pass\u00e9 dans ta rue\" width=\"600\" height=\"338\" src=\"https:\/\/www.youtube.com\/embed\/j764ro3jx10?feature=oembed\" frameborder=\"0\" allow=\"accelerometer; autoplay; clipboard-write; encrypted-media; gyroscope; picture-in-picture; web-share\" referrerpolicy=\"strict-origin-when-cross-origin\" allowfullscreen><\/iframe><iframe loading=\"lazy\" title=\"Pri\u00e8re d&#039;un condamn\u00e9 \u00e0 vivre (Laurent Moriceau \/ Sylvain Dicte)\" width=\"600\" height=\"338\" src=\"https:\/\/www.youtube.com\/embed\/v4LTEyLr4u8?feature=oembed\" frameborder=\"0\" allow=\"accelerometer; autoplay; clipboard-write; encrypted-media; gyroscope; picture-in-picture; web-share\" referrerpolicy=\"strict-origin-when-cross-origin\" allowfullscreen><\/iframe><figure class=\"wp-block-embed is-type-video is-provider-youtube wp-block-embed-youtube wp-embed-aspect-16-9 wp-has-aspect-ratio\"><div class=\"wp-block-embed__wrapper\">\n<iframe loading=\"lazy\" title=\"Non-Lieu : Augustin TREBUCHON\" width=\"600\" height=\"338\" src=\"https:\/\/www.youtube.com\/embed\/x9nHz6vU1mg?feature=oembed\" frameborder=\"0\" allow=\"accelerometer; autoplay; clipboard-write; encrypted-media; gyroscope; picture-in-picture; web-share\" referrerpolicy=\"strict-origin-when-cross-origin\" allowfullscreen><\/iframe>\n<\/div><figcaption class=\"wp-element-caption\"><mark style=\"background-color:rgba(0, 0, 0, 0)\" class=\"has-inline-color has-black-color\"><span style=\"text-decoration: underline;\"><strong>Augustin<\/strong><\/span> (Paroles et Musique : Laurent MORICEAU \/ Arrangements : Eric Hilario &#8211; Non-Lieu \/ Clip : Gilles Flavien<\/mark><\/figcaption><\/figure>","protected":false},"excerpt":{"rendered":"<p>Auteur \/ Compositeur \/ Interpr\u00e8te Parall\u00e8lement au groupe \u00ab\u00a0M\u00e9trophone\u00a0\u00bb, je travaille actuellement sur un projet d&rsquo;album solo en collaboration avec Jo\u00ebl JEANBOLO, bassiste et propri\u00e9taire du Stud&rsquo;33 \u00e0 Port de Bouc ainsi qu&rsquo;avec Sylvain Dicte, Romancier et po\u00e8te Tourangeau. Cet album sera acoustique et intimiste. A \u00e9couter&#8230; https:\/\/www.youtube.com\/watch?v=j764ro3jx10https:\/\/www.youtube.com\/watch?v=v4LTEyLr4u8<\/p>\n","protected":false},"author":1,"featured_media":0,"parent":0,"menu_order":0,"comment_status":"closed","ping_status":"closed","template":"","meta":{"om_disable_all_campaigns":false,"_monsterinsights_skip_tracking":false,"_monsterinsights_sitenote_active":false,"_monsterinsights_sitenote_note":"","_monsterinsights_sitenote_category":0,"spay_email":"","footnotes":""},"class_list":["post-34","page","type-page","status-publish","hentry"],"_links":{"self":[{"href":"https:\/\/laurentmoriceau.com\/index.php?rest_route=\/wp\/v2\/pages\/34","targetHints":{"allow":["GET"]}}],"collection":[{"href":"https:\/\/laurentmoriceau.com\/index.php?rest_route=\/wp\/v2\/pages"}],"about":[{"href":"https:\/\/laurentmoriceau.com\/index.php?rest_route=\/wp\/v2\/types\/page"}],"author":[{"embeddable":true,"href":"https:\/\/laurentmoriceau.com\/index.php?rest_route=\/wp\/v2\/users\/1"}],"replies":[{"embeddable":true,"href":"https:\/\/laurentmoriceau.com\/index.php?rest_route=%2Fwp%2Fv2%2Fcomments&post=34"}],"version-history":[{"count":19,"href":"https:\/\/laurentmoriceau.com\/index.php?rest_route=\/wp\/v2\/pages\/34\/revisions"}],"predecessor-version":[{"id":700,"href":"https:\/\/laurentmoriceau.com\/index.php?rest_route=\/wp\/v2\/pages\/34\/revisions\/700"}],"wp:attachment":[{"href":"https:\/\/laurentmoriceau.com\/index.php?rest_route=%2Fwp%2Fv2%2Fmedia&parent=34"}],"curies":[{"name":"wp","href":"https:\/\/api.w.org\/{rel}","templated":true}]}}

<div class="wp-block-media-text alignwide is-stacked-on-mobile" style="grid-template-columns:35% auto"><figure class="wp-block-media-text__media"><img loading="lazy" decoding="async" width="638" height="960" src="https://laurentmoriceau.com/wp-content/uploads/2022/01/IMG_0539-1.jpg" alt="" class="wp-image-161 size-full" srcset="https://laurentmoriceau.com/wp-content/uploads/2022/01/IMG_0539-1.jpg 638w, https://laurentmoriceau.com/wp-content/uploads/2022/01/IMG_0539-1-199x300.jpg 199w, https://laurentmoriceau.com/wp-content/uploads/2022/01/IMG_0539-1-600x903.jpg 600w, https://laurentmoriceau.com/wp-content/uploads/2022/01/IMG_0539-1-77x116.jpg 77w" sizes="auto, (max-width: 638px) 100vw, 638px" /></figure><div class="wp-block-media-text__content"><p class="has-black-color has-text-color has-medium-font-size"><strong>Auteur / Compositeur / Interprète</strong> </p></div></div><p class="has-black-color has-text-color">Parallèlement au groupe « Métrophone », je travaille actuellement sur un projet d&rsquo;album solo en collaboration avec Joël JEANBOLO, bassiste et propriétaire du <a href="https://www.stud33.fr/%C3%A1-propos/" title="https://www.stud33.fr/%C3%A1-propos/">Stud&rsquo;33</a> à Port de Bouc ainsi qu&rsquo;avec <a href="https://sylvain-dicte.fr/" title="https://sylvain-dicte.fr/">Sylvain Dicte</a>, Romancier et poète Tourangeau.</p><p class="has-black-color has-text-color">Cet album sera acoustique et intimiste.</p><h2 class="wp-block-heading">A écouter&#8230;</h2><iframe loading="lazy" title="J&#039;suis passé dans ta rue" width="600" height="338" src="https://www.youtube.com/embed/j764ro3jx10?feature=oembed" frameborder="0" allow="accelerometer; autoplay; clipboard-write; encrypted-media; gyroscope; picture-in-picture; web-share" referrerpolicy="strict-origin-when-cross-origin" allowfullscreen></iframe><iframe loading="lazy" title="Prière d&#039;un condamné à vivre (Laurent Moriceau / Sylvain Dicte)" width="600" height="338" src="https://www.youtube.com/embed/v4LTEyLr4u8?feature=oembed" frameborder="0" allow="accelerometer; autoplay; clipboard-write; encrypted-media; gyroscope; picture-in-picture; web-share" referrerpolicy="strict-origin-when-cross-origin" allowfullscreen></iframe><figure class="wp-block-embed is-type-video is-provider-youtube wp-block-embed-youtube wp-embed-aspect-16-9 wp-has-aspect-ratio"><div class="wp-block-embed__wrapper">
<iframe loading="lazy" title="Non-Lieu : Augustin TREBUCHON" width="600" height="338" src="https://www.youtube.com/embed/x9nHz6vU1mg?feature=oembed" frameborder="0" allow="accelerometer; autoplay; clipboard-write; encrypted-media; gyroscope; picture-in-picture; web-share" referrerpolicy="strict-origin-when-cross-origin" allowfullscreen></iframe>
</div><figcaption class="wp-element-caption"><mark style="background-color:rgba(0, 0, 0, 0)" class="has-inline-color has-black-color"><span style="text-decoration: underline;"><strong>Augustin</strong></span> (Paroles et Musique : Laurent MORICEAU / Arrangements : Eric Hilario &#8211; Non-Lieu / Clip : Gilles Flavien</mark></figcaption></figure>

<p>Auteur / Compositeur / Interprète Parallèlement au groupe « Métrophone », je travaille actuellement sur un projet d&rsquo;album solo en collaboration avec Joël JEANBOLO, bassiste et propriétaire du Stud&rsquo;33 à Port de Bouc ainsi qu&rsquo;avec Sylvain Dicte, Romancier et poète Tourangeau. Cet album sera acoustique et intimiste. A écouter&#8230; https://www.youtube.com/watch?v=j764ro3jx10https://www.youtube.com/watch?v=v4LTEyLr4u8</p>
