{"id":491,"date":"2024-10-10T10:26:42","date_gmt":"2024-10-10T08:26:42","guid":{"rendered":"https:\/\/laurentmoriceau.com\/?page_id=491"},"modified":"2025-11-10T17:56:37","modified_gmt":"2025-11-10T16:56:37","slug":"491-2","status":"publish","type":"page","link":"https:\/\/laurentmoriceau.com\/?page_id=491","title":{"rendered":"AU NOM DU FILS"},"content":{"rendered":"<div class=\"wp-block-image\"><figure class=\"aligncenter size-large is-resized\"><img loading=\"lazy\" decoding=\"async\" width=\"1024\" height=\"785\" src=\"https:\/\/laurentmoriceau.com\/wp-content\/uploads\/2024\/10\/3D-1-2-1024x785.png\" alt=\"\" class=\"wp-image-495\" style=\"width:655px;height:auto\" srcset=\"https:\/\/laurentmoriceau.com\/wp-content\/uploads\/2024\/10\/3D-1-2-1024x785.png 1024w, https:\/\/laurentmoriceau.com\/wp-content\/uploads\/2024\/10\/3D-1-2-1200x920.png 1200w, https:\/\/laurentmoriceau.com\/wp-content\/uploads\/2024\/10\/3D-1-2-300x230.png 300w, https:\/\/laurentmoriceau.com\/wp-content\/uploads\/2024\/10\/3D-1-2-768x589.png 768w, https:\/\/laurentmoriceau.com\/wp-content\/uploads\/2024\/10\/3D-1-2-1320x1012.png 1320w, https:\/\/laurentmoriceau.com\/wp-content\/uploads\/2024\/10\/3D-1-2-151x116.png 151w, https:\/\/laurentmoriceau.com\/wp-content\/uploads\/2024\/10\/3D-1-2.png 1500w\" sizes=\"auto, (max-width: 1024px) 100vw, 1024px\" \/><\/figure><\/div><p class=\"has-text-align-left has-black-color has-vivid-green-cyan-background-color has-text-color has-background has-link-color wp-elements-1fac6546a3b704c96f05e0a9de2f09c6\"><strong>Dans le Chicago des ann\u00e9es 2000, un nourrisson dispara\u00eet du domicile de Mia Benett, jeune chanteuse marginale. Cette enqu\u00eate va bouleverser Nick Rouvers. Flic d\u00e9termin\u00e9, il se lance, sans crainte du danger, dans une course-poursuite aussi folle qu\u2019inattendue. D\u00e9troit &#8211; d\u00e9cembre 2023 : Adam Robertson, flic cinquantenaire et suicidaire, se tient au bord du gouffre lorsqu\u2019un appel lui annonce que sa fille a disparu. Il ignore que l\u2019ombre de Chicago, 25 ans plus t\u00f4t, avait tiss\u00e9 sa toile sur son destin. Chaque indice s\u2019av\u00e8re un \u00e9cho du pass\u00e9, hant\u00e9 par un myst\u00e8re aussi troublant&#8230; que dangereux.<\/strong> <strong>Nick et Adam ne sont pas au bout de leurs nuits &#8230;<\/strong> <strong>ET VOUS NON PLUS <\/strong><\/p><p class=\"has-black-color has-vivid-green-cyan-background-color has-text-color has-background has-link-color wp-elements-92dcd82e154ea5518e42c44921d4a005\">L\u2019auteur des romans historiques <em>La Grange<\/em> et <em>Schlomo<\/em> a abandonn\u00e9, le temps de ce thriller, le plaisir et le besoin de fouiller dans l\u2019histoire, pour vous conter de beaux destins. Il est revenu \u00e0 ses premi\u00e8res amours livresques : le polar. Mais nul doute que cette soif d\u2019exploration de notre pass\u00e9, cette exaltation \u00e0 exhumer des tr\u00e9sors de vie, souvent terrifiants, mais toujours authentiques, va ressurgir\u2026 Devoir de m\u00e9moire oblige !                                                                                                              <strong>\u00c9ditions NON-LIEU<\/strong><\/p><p class=\"has-black-color has-vivid-green-cyan-background-color has-text-color has-background has-link-color wp-elements-3485f484f677c7cbadafd5a2ccf6216c\"><strong>Extrait<\/strong> : &#8230;<em> Il y songeait depuis tant de semaines. En finir. Enfin. Il \u00e9tait maintenant au bord du vide. En fermant les yeux, il pouvait entendre le clapotis des vagues se briser sur les \u00e9cueils. Il ne souffrira pas, ou pas longtemps. Il se voyait baignant dans son sang, dans quelques secondes. Tout ce rouge flottant autour de lui, \u00e7a fera enfin un peu de couleur dans sa vie &#8230;<\/em><\/p><blockquote class=\"instagram-media\" data-instgrm-captioned data-instgrm-permalink=\"https:\/\/www.instagram.com\/reel\/DEkumRBMy2x\/?utm_source=ig_embed&amp;utm_campaign=loading\" data-instgrm-version=\"14\" style=\" background:#FFF; border:0; border-radius:3px; box-shadow:0 0 1px 0 rgba(0,0,0,0.5),0 1px 10px 0 rgba(0,0,0,0.15); margin: 1px; max-width:540px; min-width:326px; padding:0; width:99.375%; width:-webkit-calc(100% - 2px); width:calc(100% - 2px);\"><div style=\"padding:16px;\"> <a href=\"https:\/\/www.instagram.com\/reel\/DEkumRBMy2x\/?utm_source=ig_embed&amp;utm_campaign=loading\" style=\" background:#FFFFFF; line-height:0; padding:0 0; text-align:center; text-decoration:none; width:100%;\" target=\"_blank\"> <div style=\" display: flex; flex-direction: row; align-items: center;\"> <div style=\"background-color: #F4F4F4; border-radius: 50%; flex-grow: 0; height: 40px; margin-right: 14px; width: 40px;\"><\/div> <div style=\"display: flex; flex-direction: column; flex-grow: 1; justify-content: center;\"> <div style=\" background-color: #F4F4F4; border-radius: 4px; flex-grow: 0; height: 14px; margin-bottom: 6px; width: 100px;\"><\/div> <div style=\" background-color: #F4F4F4; border-radius: 4px; flex-grow: 0; height: 14px; width: 60px;\"><\/div><\/div><\/div><div style=\"padding: 19% 0;\"><\/div> <div style=\"display:block; height:50px; margin:0 auto 12px; width:50px;\"><svg width=\"50px\" height=\"50px\" viewBox=\"0 0 60 60\" version=\"1.1\" xmlns=\"https:\/\/www.w3.org\/2000\/svg\" xmlns:xlink=\"https:\/\/www.w3.org\/1999\/xlink\"><g stroke=\"none\" stroke-width=\"1\" fill=\"none\" fill-rule=\"evenodd\"><g transform=\"translate(-511.000000, -20.000000)\" fill=\"#000000\"><g><path d=\"M556.869,30.41 C554.814,30.41 553.148,32.076 553.148,34.131 C553.148,36.186 554.814,37.852 556.869,37.852 C558.924,37.852 560.59,36.186 560.59,34.131 C560.59,32.076 558.924,30.41 556.869,30.41 M541,60.657 C535.114,60.657 530.342,55.887 530.342,50 C530.342,44.114 535.114,39.342 541,39.342 C546.887,39.342 551.658,44.114 551.658,50 C551.658,55.887 546.887,60.657 541,60.657 M541,33.886 C532.1,33.886 524.886,41.1 524.886,50 C524.886,58.899 532.1,66.113 541,66.113 C549.9,66.113 557.115,58.899 557.115,50 C557.115,41.1 549.9,33.886 541,33.886 M565.378,62.101 C565.244,65.022 564.756,66.606 564.346,67.663 C563.803,69.06 563.154,70.057 562.106,71.106 C561.058,72.155 560.06,72.803 558.662,73.347 C557.607,73.757 556.021,74.244 553.102,74.378 C549.944,74.521 548.997,74.552 541,74.552 C533.003,74.552 532.056,74.521 528.898,74.378 C525.979,74.244 524.393,73.757 523.338,73.347 C521.94,72.803 520.942,72.155 519.894,71.106 C518.846,70.057 518.197,69.06 517.654,67.663 C517.244,66.606 516.755,65.022 516.623,62.101 C516.479,58.943 516.448,57.996 516.448,50 C516.448,42.003 516.479,41.056 516.623,37.899 C516.755,34.978 517.244,33.391 517.654,32.338 C518.197,30.938 518.846,29.942 519.894,28.894 C520.942,27.846 521.94,27.196 523.338,26.654 C524.393,26.244 525.979,25.756 528.898,25.623 C532.057,25.479 533.004,25.448 541,25.448 C548.997,25.448 549.943,25.479 553.102,25.623 C556.021,25.756 557.607,26.244 558.662,26.654 C560.06,27.196 561.058,27.846 562.106,28.894 C563.154,29.942 563.803,30.938 564.346,32.338 C564.756,33.391 565.244,34.978 565.378,37.899 C565.522,41.056 565.552,42.003 565.552,50 C565.552,57.996 565.522,58.943 565.378,62.101 M570.82,37.631 C570.674,34.438 570.167,32.258 569.425,30.349 C568.659,28.377 567.633,26.702 565.965,25.035 C564.297,23.368 562.623,22.342 560.652,21.575 C558.743,20.834 556.562,20.326 553.369,20.18 C550.169,20.033 549.148,20 541,20 C532.853,20 531.831,20.033 528.631,20.18 C525.438,20.326 523.257,20.834 521.349,21.575 C519.376,22.342 517.703,23.368 516.035,25.035 C514.368,26.702 513.342,28.377 512.574,30.349 C511.834,32.258 511.326,34.438 511.181,37.631 C511.035,40.831 511,41.851 511,50 C511,58.147 511.035,59.17 511.181,62.369 C511.326,65.562 511.834,67.743 512.574,69.651 C513.342,71.625 514.368,73.296 516.035,74.965 C517.703,76.634 519.376,77.658 521.349,78.425 C523.257,79.167 525.438,79.673 528.631,79.82 C531.831,79.965 532.853,80.001 541,80.001 C549.148,80.001 550.169,79.965 553.369,79.82 C556.562,79.673 558.743,79.167 560.652,78.425 C562.623,77.658 564.297,76.634 565.965,74.965 C567.633,73.296 568.659,71.625 569.425,69.651 C570.167,67.743 570.674,65.562 570.82,62.369 C570.966,59.17 571,58.147 571,50 C571,41.851 570.966,40.831 570.82,37.631\"><\/path><\/g><\/g><\/g><\/svg><\/div><div style=\"padding-top: 8px;\"> <div style=\" color:#3897f0; font-family:Arial,sans-serif; font-size:14px; font-style:normal; font-weight:550; line-height:18px;\">Voir cette publication sur Instagram<\/div><\/div><div style=\"padding: 12.5% 0;\"><\/div> <div style=\"display: flex; flex-direction: row; margin-bottom: 14px; align-items: center;\"><div> <div style=\"background-color: #F4F4F4; border-radius: 50%; height: 12.5px; width: 12.5px; transform: translateX(0px) translateY(7px);\"><\/div> <div style=\"background-color: #F4F4F4; height: 12.5px; transform: rotate(-45deg) translateX(3px) translateY(1px); width: 12.5px; flex-grow: 0; margin-right: 14px; margin-left: 2px;\"><\/div> <div style=\"background-color: #F4F4F4; border-radius: 50%; height: 12.5px; width: 12.5px; transform: translateX(9px) translateY(-18px);\"><\/div><\/div><div style=\"margin-left: 8px;\"> <div style=\" background-color: #F4F4F4; border-radius: 50%; flex-grow: 0; height: 20px; width: 20px;\"><\/div> <div style=\" width: 0; height: 0; border-top: 2px solid transparent; border-left: 6px solid #f4f4f4; border-bottom: 2px solid transparent; transform: translateX(16px) translateY(-4px) rotate(30deg)\"><\/div><\/div><div style=\"margin-left: auto;\"> <div style=\" width: 0px; border-top: 8px solid #F4F4F4; border-right: 8px solid transparent; transform: translateY(16px);\"><\/div> <div style=\" background-color: #F4F4F4; flex-grow: 0; height: 12px; width: 16px; transform: translateY(-4px);\"><\/div> <div style=\" width: 0; height: 0; border-top: 8px solid #F4F4F4; border-left: 8px solid transparent; transform: translateY(-4px) translateX(8px);\"><\/div><\/div><\/div> <div style=\"display: flex; flex-direction: column; flex-grow: 1; justify-content: center; margin-bottom: 24px;\"> <div style=\" background-color: #F4F4F4; border-radius: 4px; flex-grow: 0; height: 14px; margin-bottom: 6px; width: 224px;\"><\/div> <div style=\" background-color: #F4F4F4; border-radius: 4px; flex-grow: 0; height: 14px; width: 144px;\"><\/div><\/div><\/a><p style=\" color:#c9c8cd; font-family:Arial,sans-serif; font-size:14px; line-height:17px; margin-bottom:0; margin-top:8px; overflow:hidden; padding:8px 0 7px; text-align:center; text-overflow:ellipsis; white-space:nowrap;\"><a href=\"https:\/\/www.instagram.com\/reel\/DEkumRBMy2x\/?utm_source=ig_embed&amp;utm_campaign=loading\" style=\" color:#c9c8cd; font-family:Arial,sans-serif; font-size:14px; font-style:normal; font-weight:normal; line-height:17px; text-decoration:none;\" target=\"_blank\">Une publication partag\u00e9e par Les p\u00e9pites de Meredith \ud83e\udd87 (@lady_meredith)<\/a><\/p><\/div><\/blockquote>\n<script async src=\"\/\/www.instagram.com\/embed.js\"><\/script><figure class=\"wp-block-embed is-type-wp-embed is-provider-le-monde-du-polar wp-block-embed-le-monde-du-polar\"><div class=\"wp-block-embed__wrapper\">\n<blockquote class=\"wp-embedded-content\" data-secret=\"PvS4opuvqp\"><a href=\"https:\/\/lemondedupolar.com\/filiation-redemption-et-noirceur-plongee-dans-au-nom-du-fils-de-laurent-moriceau\/\">Filiation, r\u00e9demption et noirceur : plong\u00e9e dans \u00ab\u00a0Au Nom du Fils\u00a0\u00bb de Laurent Moriceau<\/a><\/blockquote><iframe loading=\"lazy\" class=\"wp-embedded-content\" sandbox=\"allow-scripts\" security=\"restricted\" style=\"position: absolute; visibility: hidden;\" title=\"\u00ab\u00a0Filiation, r\u00e9demption et noirceur : plong\u00e9e dans \u00ab\u00a0Au Nom du Fils\u00a0\u00bb de Laurent Moriceau\u00a0\u00bb &#8212; Le Monde du Polar\" src=\"https:\/\/lemondedupolar.com\/filiation-redemption-et-noirceur-plongee-dans-au-nom-du-fils-de-laurent-moriceau\/embed\/#?secret=mGWfKPBxJT#?secret=PvS4opuvqp\" data-secret=\"PvS4opuvqp\" width=\"600\" height=\"338\" frameborder=\"0\" marginwidth=\"0\" marginheight=\"0\" scrolling=\"no\"><\/iframe>\n<\/div><\/figure><hr class=\"wp-block-separator has-alpha-channel-opacity\"\/><blockquote class=\"wp-block-quote is-layout-flow wp-block-quote-is-layout-flow\"><p><\/p><\/blockquote><p><a href=\"https:\/\/www.amazon.fr\/gp\/profile\/amzn1.account.AEMFTRKFZSMOPCD7KZD4G74N4NPQ\/ref=cm_cr_dp_d_gw_tr?ie=UTF8\"><\/a><a href=\"https:\/\/www.amazon.fr\/gp\/profile\/amzn1.account.AEMFTRKFZSMOPCD7KZD4G74N4NPQ\/ref=cm_cr_dp_d_gw_tr?ie=UTF8\">Client Kindle<\/a><\/p><h5 class=\"wp-block-heading\"><a href=\"https:\/\/www.amazon.fr\/gp\/customer-reviews\/R3QPCPVMZFOCV8\/ref=cm_cr_dp_d_rvw_ttl?ie=UTF8&amp;ASIN=2958058336\"><em>5,0 sur 5&nbsp;\u00e9toiles<\/em> g\u00e9nial<\/a><\/h5><p>Avis laiss\u00e9 en France le 25 f\u00e9vrier 2025<\/p><p><a target=\"_blank\" rel=\"noreferrer noopener\" href=\"https:\/\/www.amazon.fr\/gp\/help\/customer\/display.html\/ref=cm_cr_dp_d_rvw_avp?nodeId=G8UYX7LALQC8V9KA\">Achat v\u00e9rifi\u00e9<\/a><\/p><p>C\u2019est un tr\u00e8s bon roman policier et un super moment de lecture. Pas une minute de r\u00e9pit, on n\u2019a l\u2019impression tout du long du r\u00e9cit qu\u2019il y a deux affaires en m\u00eame temps et finalement tout se regroupe, c\u2019est bluffant et \u00e9poustouflant. J\u2019ai vraiment beaucoup aim\u00e9. Je remercie infiniment l\u2019auteur pour nous avoir permis de partager ces \u00e9crits. Si comme moi vous aimez un bon policier, alors n\u2019h\u00e9sitez pas, foncez tout simplement.<\/p><hr class=\"wp-block-separator has-alpha-channel-opacity\"\/><blockquote class=\"wp-block-quote is-layout-flow wp-block-quote-is-layout-flow\"><p>Comment\u00e9 en France le 24 d\u00e9cembre 2024<\/p>\n\n<p>\ud83d\udcd3 Deux histoires, deux enl\u00e8vements d&rsquo;enfants. Une vingtaine d&rsquo;ann\u00e9es s\u00e9parent ces deux affaires.<br>\u2606 Au d\u00e9but des ann\u00e9es 200, Jimmy, le b\u00e9b\u00e9 de Mia Benett, jeune chanteuse, est enlev\u00e9. Nickel, policier pr\u00eat \u00e0 tout se lance dans une course poursuite pour retrouver cet enfant.<br>\u2606 2023, Tess, la fille d&rsquo;Adam, policier en pleine d\u00e9pression, est enlev\u00e9e. Son p\u00e8re enqu\u00eate.<br>Quel est le lien entre ces deux affaires ?<br><br>Ce thriller m&rsquo;a plong\u00e9 dans le monde de la musique.<br>C&rsquo;est un thriller \u00e0 double temporalit\u00e9 qui d\u00e9marre sur les chapeaux de roue. La plume de l&rsquo;auteur est fluide et les personnages sont attachants. Leur psychologie est bien d\u00e9velopp\u00e9e. L&rsquo;intrigue est bien pens\u00e9e et bien construite. Les chapitres courts et l&rsquo;alternance des deux p\u00e9riodes donnent un rythme effr\u00e9n\u00e9 au roman. Les rebondissements sont nombreux. Il n&rsquo;y a pas de temps morts. J&rsquo;ai \u00e9t\u00e9 tenue en haleine du d\u00e9but \u00e0 la fin, jusqu&rsquo;au d\u00e9nouement que j&rsquo;avais h\u00e2te de d\u00e9couvrir car je n&rsquo;avais pas deviner l&rsquo;issue. Et ce fut une belle surprise \u00e0 laquelle je ne m&rsquo;attendais pas.<br><br>Ce thriller est captivant et haletant.<br>J&rsquo;ai pass\u00e9 un excellent moment de lecture.<\/p>\n\n<hr class=\"wp-block-separator has-alpha-channel-opacity\"\/><\/blockquote><p>Comment\u00e9 en France le 3 mars 2025<\/p><p>Une lecture prenante de chapitre en chapitre, tout va \u00e0 100 \u00e0 l heure<br>Tr\u00e8s bien \u00e9cris, fluide, un tr\u00e8s bon polar que j ai d\u00e9vorer<br>J avais d\u00e9vorer ses deux premiers romans la grange et Schlomo (historiques)<br>Cet \u00e9crivain est pour moi un g\u00e9nie<\/p><figure class=\"wp-block-image\"><a href=\"javascript:void(0)\"><img decoding=\"async\" src=\"https:\/\/m.media-amazon.com\/images\/I\/71tlgIFiZwL._SY88.jpg\" alt=\"Image client\"\/><\/a><\/figure>","protected":false},"excerpt":{"rendered":"<p>Dans le Chicago des ann\u00e9es 2000, un nourrisson dispara\u00eet du domicile de Mia Benett, jeune chanteuse marginale. Cette enqu\u00eate va bouleverser Nick Rouvers. Flic d\u00e9termin\u00e9, il se lance, sans crainte du danger, dans une course-poursuite aussi folle qu\u2019inattendue. D\u00e9troit &#8211; d\u00e9cembre 2023 : Adam Robertson, flic cinquantenaire et suicidaire, se <a class=\"read-more\" href=\"https:\/\/laurentmoriceau.com\/?page_id=491\">Read More<\/a><\/p>\n","protected":false},"author":1,"featured_media":0,"parent":0,"menu_order":0,"comment_status":"closed","ping_status":"closed","template":"","meta":{"om_disable_all_campaigns":false,"_monsterinsights_skip_tracking":false,"_monsterinsights_sitenote_active":false,"_monsterinsights_sitenote_note":"","_monsterinsights_sitenote_category":0,"spay_email":"","footnotes":""},"class_list":["post-491","page","type-page","status-publish","hentry"],"_links":{"self":[{"href":"https:\/\/laurentmoriceau.com\/index.php?rest_route=\/wp\/v2\/pages\/491","targetHints":{"allow":["GET"]}}],"collection":[{"href":"https:\/\/laurentmoriceau.com\/index.php?rest_route=\/wp\/v2\/pages"}],"about":[{"href":"https:\/\/laurentmoriceau.com\/index.php?rest_route=\/wp\/v2\/types\/page"}],"author":[{"embeddable":true,"href":"https:\/\/laurentmoriceau.com\/index.php?rest_route=\/wp\/v2\/users\/1"}],"replies":[{"embeddable":true,"href":"https:\/\/laurentmoriceau.com\/index.php?rest_route=%2Fwp%2Fv2%2Fcomments&post=491"}],"version-history":[{"count":14,"href":"https:\/\/laurentmoriceau.com\/index.php?rest_route=\/wp\/v2\/pages\/491\/revisions"}],"predecessor-version":[{"id":663,"href":"https:\/\/laurentmoriceau.com\/index.php?rest_route=\/wp\/v2\/pages\/491\/revisions\/663"}],"wp:attachment":[{"href":"https:\/\/laurentmoriceau.com\/index.php?rest_route=%2Fwp%2Fv2%2Fmedia&parent=491"}],"curies":[{"name":"wp","href":"https:\/\/api.w.org\/{rel}","templated":true}]}}